osite number?
True
Is 147410149561 composite?
False
Is 26070860591 a composite number?
True
Is 545311649 a prime number?
False
Is 185491046719 composite?
True
Is 6168839455 prime?
False
Is 97002466657 prime?
True
Is 83862742451 composite?
False
Is 17875841237 composite?
True
Is 8301230029 composite?
False
Is 2383588069 composite?
False
Is 18570200669 a composite number?
True
Is 4713460811 prime?
True
Is 117313201 a composite number?
True
Is 8135926921 composite?
False
Is 5256422407 composite?
True
Is 3939953839 a prime number?
True
Is 33993606279 prime?
False
Is 42149605933 prime?
False
Is 7907121137 a composite number?
False
Is 38905882201 prime?
True
Is 63001369 prime?
False
Is 21246438095 prime?
False
Is 19587393043 composite?
True
Is 84674734239 a composite number?
True
Is 908485673 composite?
False
Is 10206967087 a prime number?
False
Is 84249148031 composite?
False
Is 38876863099 composite?
False
Is 6068358031 composite?
False
Is 72433461 a prime number?
False
Is 2511965611 a prime number?
False
Is 346650019 prime?
True
Is 6082713517 a composite number?
False
Is 271095347 a composite number?
True
Is 47163242053 a prime number?
False
Is 55982664527 composite?
True
Is 396263983 composite?
False
Is 47863992487 composite?
False
Is 6383868611 composite?
True
Is 143641739 a prime number?
False
Is 13859844001 composite?
False
Is 17496284518 prime?
False
Is 31341454021 a composite number?
True
Is 3317287859 a prime number?
False
Is 217282783 a composite number?
False
Is 279872562857 a composite number?
False
Is 142880951 a prime number?
False
Is 447813757567 prime?
False
Is 16800608481 composite?
True
Is 248759551 a composite number?
False
Is 1139855441 a composite number?
False
Is 907123549 a prime number?
False
Is 56122414391 a prime number?
True
Is 2144098261 composite?
False
Is 169093013 a composite number?
True
Is 27423689 composite?
False
Is 23428076963 composite?
False
Is 7185525967 composite?
True
Is 107222728687 a prime number?
False
Is 757167311 prime?
True
Is 6908153221 a prime number?
True
Is 1455451007 prime?
False
Is 10506984731 a composite number?
False
Is 1416957679 a composite number?
False
Is 4203264613 prime?
True
Is 63612686867 prime?
False
Is 3888313543 a prime number?
False
Is 2049735851 prime?
False
Is 4417153681 a prime number?
True
Is 712880449 a composite number?
True
Is 83914819 prime?
False
Is 852491515 prime?
False
Is 21257547673 a composite number?
False
Is 4271406257 a prime number?
False
Is 1634250269 a prime number?
False
Is 8690865481 prime?
False
Is 3109702357 a prime number?
True
Is 8282877299 a prime number?
False
Is 2838232997 a prime number?
False
Is 6414803233 a composite number?
False
Is 22643811193 composite?
False
Is 3659054929 prime?
False
Is 18704253487 a prime number?
True
Is 569450181 prime?
False
Is 102611318263 a prime number?
True
Is 5931870497 composite?
True
Is 2412866167 a composite number?
False
Is 931843093 a composite number?
False
Is 500905441 prime?
True
Is 2400937387 prime?
False
Is 143726009459 composite?
True
Is 614674327 a composite number?
False
Is 723759499 composite?
False
Is 2965896831 a composite number?
True
Is 247559460727 a composite number?
True
Is 577844261 prime?
True
Is 1350666377 prime?
True
Is 691349053 a prime number?
False
Is 520482569 composite?
False
Is 19704527611 composite?
False
Is 4700895337 prime?
False
Is 65973358027 a prime number?
True
Is 10293947779 composite?
True
Is 17579804287 prime?
True
Is 19471635941 composite?
True
Is 61428111469 a composite number?
False
Is 103423795279 a prime number?
False
Is 1958480569 a composite number?
False
Is 1390251883 a prime number?
True
Is 134233741 prime?
False
Is 96607458319 a prime number?
False
Is 64184861113 composite?
False
Is 55697734787 a composite number?
True
Is 26495942521 prime?
True
Is 1117289711 composite?
False
Is 17132725867 a prime number?
False
Is 6070747259 a composite number?
True
Is 6369365521 prime?
True
Is 65004563777 prime?
True
Is 47859209 prime?
True
Is 1902001819 prime?
False
Is 2365155805 a prime number?
False
Is 45743339 a prime number?
True
Is 1250837431 prime?
False
Is 13276079441 prime?
False
Is 828748471 a composite number?
False
Is 1382645687 prime?
True
Is 28119348437 composite?
True
Is 882323509 a prime number?
True
Is 1694898599 composite?
False
Is 21592190023 composite?
True
Is 8349018473 composite?
False
Is 29972634179 a prime number?
True
Is 54710210397 prime?
False
Is 9785209453 a prime number?
True
Is 1229538067 a composite number?
True
Is 360594929 prime?
True
Is 3267215947 composite?
False
Is 881147329 a composite number?
False
Is 43081174369 prime?
False
Is 46197416381 prime?
True
Is 3174886343 prime?
False
Is 20615548097 a prime number?
True
Is 6724646287 prime?
True
Is 6980366189 prime?
True
Is 51874329883 composite?
False
Is 3634642471 composite?
True
Is 31794045097 composite?
True
Is 1045784849 composite?
False
Is 897603953 composite?
True
Is 117555079 prime?
False
Is 92336731737 prime?
False
Is 6522973111 a prime number?
False
Is 169241173 a prime number?
True
Is 19993590887 composite?
False
Is 546554137 a prime number?
False
Is 32752423 composite?
True
Is 1561775153 composite?
True
Is 1898121587 a prime number?
False
Is 113683571 a prime number?
True
Is 7179243653 a composite number?
False
Is 43164168595 composite?
True
Is 1008565219 a composite number?
True
Is 735304057 a prime number?
True
Is 570044837 a prime number?
True
Is 7644632371 a prime number?
False
Is 119768637115 prime?
False
Is 1698987431 composite?
True
Is 79619011 prime?
True
Is 70185202711 composite?
True
Is 28182267583 a prime number?
True
Is 1860859051 a prime number?
True
Is 513198509 composite?
False
Is 4036558289 a composite number?
False
Is 14097319039 composite?
True
Is 2463084059 a prime number?
False
Is 1871548519 prime?
True
Is 718465901 prime?
True
Is 4407323329 a prime number?
False
Is 1247031727 prime?
False
Is 107915332139 prime?
False
Is 14603067911 a prime number?
True
Is 22255090601 a prime number?
True
Is 1412133763 composite?
True
Is 237559188413 composite?
False
Is 2134281859 a prime number?
True
Is 676409113 a prime number?
True
Is 50665299647 composite?
False
Is 17352061406 composite?
True
Is 77203615583 a prime number?
True
Is 8841667766 prime?
False
Is 532266121451 a prime number?
True
Is 79112720879 prime?
True
Is 3871220047 a composite number?
False
Is 39071989393 composite?
False
Is 354495047 a composite number?
False
Is 576272267 prime?
True
Is 483535321 a composite number?
False
Is 2480079703 prime?
False
Is 369390859 prime?
True
Is 1118166097 prime?
True
Is 34236350329 a prime number?
True
Is 4781620661 prime?
False
Is 12281535521 a composite number?
True
Is 31760360953 composite?
False
Is 1095229517 a composite number?
False
Is 5526605303 a prime number?
True
Is 43849458857 a prime number?
True
Is 1564854779 a prime number?
False
Is 102893267657 a prime number?
True
Is 1322548037 a composite number?
False
Is 3445402357 prime?
True
Is 761898361 a composite number?
True
Is 5366856607 prime?
False
Is 1797372023 a prime number?
False
Is 6642338851 prime?
True
Is 722161169 composite?
True
Is 3181021829 prime?
True
Is 48533192503 prime?
True
Is 101244421 a prime number?
True
Is 91925200997 a prime number?
False
Is 8723799239 prime?
True
Is 206956081 a composite number?
True
Is 878750533 a prime number?
False
Is 94879386815 composite?
True
Is 721417467 prime?
False
Is 191625691 composite?
False
Is 89406769 prime?
True
Is 56097211217 a composite number?
False
Is 2796781987 a prime number?
True
Is 171690621293 composite?
False
Is 1757098802 prime?
False
Is 9666085967 a composite number?
True
Is 28623619 a prime number?
False
Is 716209817 prime?
False
Is 18796788169 prime?
False
Is 44983615559 a prime number?
True
Is 25158953 a composite number?
True
Is 581818357 a prime number?
False
Is 2279105047 a composite number?
False
Is 139426169 prime?
True
Is 1330170253 prime?
False
Is 5088477049 composite?
True
Is 474036331 composite?
False
Is 242716256889 a prime number?
False
Is 24011743 a composite number?
True
Is 6191656937 composite?
False
Is 886590247 a prime number?
True
Is 5222550757 a prime number?
False
Is 19397504557 a composite number?
False
Is 8975727361 composite?
True
Is 